{"id":482,"date":"2019-06-13T14:39:07","date_gmt":"2019-06-13T14:39:07","guid":{"rendered":"http:\/\/deinstuttgartmakler.de\/?page_id=482"},"modified":"2025-02-28T13:39:00","modified_gmt":"2025-02-28T13:39:00","slug":"impressum","status":"publish","type":"page","link":"https:\/\/deinstuttgartmakler.de\/index.php\/impressum\/","title":{"rendered":"Impressum"},"content":{"rendered":"<h1 class=\"left\">Impressum:<\/h1>\n<p><strong>Angaben gem\u00e4\u00df \u00a7 5 TMG:<\/strong><\/p>\n<p>Alexander Goldszer<span class=\"Apple-converted-space\"><br \/>\n<\/span>Augusten Str 81\u00a0<span class=\"Apple-converted-space\"><br \/>\n<\/span>70178 Stuttgart<\/p>\n<p>Tel : <a href=\"tel:+491703171331\">+49 170 3171331<\/a><\/p>\n<div class=\"left\"><strong>Berufsaufsichtsbeh\u00f6rde:<\/strong><br \/>\nGewerbeerlaubnis gem\u00e4\u00df \u00a7 34c GewO erteilt vom Amt f\u00fcr \u00f6ffentliche Ordnung Stadt Stuttgart,Postanschrift Landeshauptstadt Stuttgart,<br \/>\n70161 Stuttgart,<br \/>\nTel. (0711) 216-2945<\/div>\n<div class=\"left\"><strong>Steuer Nummer 93083\/40359<br \/>\nBerufskammer: <\/strong>IHK StuttgartAugusten Stra\u00dfe 81<br \/>\n70178 StuttgartGoldszer(at)goldszer.deDein Stuttgart Makler<strong>Neues :<br \/>\nStreitbeilegungsplattform der EU<\/strong><br \/>\nDie Europ\u00e4ische Kommission stellt eine Plattform zur Online-Streitbeilegung (OS) bereit,<br \/>\nfolgen Sie dem Link<br \/>\n<a href=\"https:\/\/webgate.ec.europa.eu\/odr\/main\/index.cfm?event=main.home.show&amp;lng=DE\" target=\"_blank\" rel=\"noopener noreferrer\">https:\/\/webgate.ec.europa.eu\/odr\/main\/index.cfm?event=main.home.show&amp;lng=DE<\/a>.<br \/>\nAls Verbraucher haben die M\u00f6glichkeit, diese Plattform f\u00fcr Streitigkeiten zu nutzen.<strong>Inhaber der Homepage<\/strong><br \/>\nDein Stuttgart Makler<br \/>\nAutor und Herausgeber ist Alexander Goldszer Immobilien. Alle Rechte vorbehalten.<br \/>\nF\u00fcr R\u00fcckfragen stehen wir Ihnen gerne zur Verf\u00fcgung.<strong>Vervielf\u00e4ltigung<br \/>\n<\/strong>Jegliche Vervielf\u00e4ltigung der auf diesen Seiten zur Verf\u00fcgung gestellten Texten, Bildern und Grafiken bedarf der ausdr\u00fccklichen Erlaubnis des Autors in Schriftform. Das Urheberrecht des Autors bleibt unber\u00fchrt. Das Nutzungsrecht liegt bei dem Herausgeber und darf ohne schriftliche Genehmigung nicht an Dritte weitergegeben werden. Alle Texte ohne Autorenangabe unterliegen dem Urheberrecht des Herausgebers. Ebenfalls untersagt ist jegliche Vervielf\u00e4ltigung auf andere elektronische und nicht-elektronische Medien.<strong>Haftungsausschluss<br \/>\n<\/strong>Die Benutzung dieser Seite erfolgt auf eigene Gefahr. Wir \u00fcbernehmen keine Haftung f\u00fcr Sch\u00e4den die aufgrund der Anwendung der in diesem Angebot genannten Informationen entstehen, wenn keine grobe Fahrl\u00e4ssigkeit von unserer Seite vorliegt.<strong>Externe Links<br \/>\n<\/strong>Sollten wir auf externe Links verweisen, so handelt es sich um eine subjektive Auswahl von Verweisen auf andere Internet- Seiten. F\u00fcr den Inhalt dieser Seiten sind die jeweiligen Betreiber\/Verfasser selbst verantwortlich und haftbar. Von etwaigen illegalen, pers\u00f6nlichkeitsverletzenden, moralisch oder ethisch anst\u00f6\u00dfigen Inhalten distanzieren wir uns in aller Deutlichkeit. Bitte informieren Sie uns, wenn wir auf ein solches Angebot linken sollten. Bei &#8222;Links&#8220; handelt es sich allerdings stets um &#8222;lebende&#8220; (dynamische) Verweisungen. Alexander Goldszer Immobilien hat bei der erstmaligen Verkn\u00fcpfung zwar den fremden Inhalt daraufhin \u00fcberpr\u00fcft, ob durch ihn eine m\u00f6gliche zivilrechtliche oder strafrechtliche Verantwortlichkeit ausgel\u00f6st wird. Sie ist aber nicht dazu verpflichtet, die Inhalte, auf die sie in ihrem Angebot verweist, st\u00e4ndig auf Ver\u00e4nderungen zu \u00fcberpr\u00fcfen, die eine Verantwortlichkeit neu begr\u00fcnden k\u00f6nnten. Erst wenn sie feststellt oder von anderen darauf hingewiesen wird, dass ein konkretes Angebot, zu dem sie einen Link bereitgestellt hat, eine zivil- oder strafrechtliche Verantwortlichkeit ausl\u00f6st, wird sie den Verweis auf dieses Angebot aufheben, soweit ihr dies technisch m\u00f6glich und zumutbar ist. Die technische M\u00f6glichkeit und Zumutbarkeit wird nicht dadurch beeinflusst, dass auch nach Unterbindung des Zugriffs von der Homepage Alexander Goldszer Immobilien von anderen Servern aus auf das rechtswidrige oder strafbare Angebot zugegriffen werden kann.<strong>Salvatorische Klausel<br \/>\n<\/strong>Sollte aus irgendwelchen Gr\u00fcnden eine der vorstehenden Bedingungen ung\u00fcltig sein, so wird die Wirksamkeit der anderen Bestimmungen davon nicht ber\u00fchrt.<strong>Copyright<br \/>\n<\/strong>Markennamen werden frei ohne gesonderte Kennzeichnung verwendet. Diese Namen sind Eigentum der jeweiligen Besitzer.<strong>Nutzungsbedingungen<br \/>\n<\/strong><br \/>\n<strong>Haftung f\u00fcr Inhalte<br \/>\n<\/strong>Die Inhalte unserer Seiten wurden mit gr\u00f6\u00dfter Sorgfalt erstellt. F\u00fcr die Richtigkeit, Vollst\u00e4ndigkeit und Aktualit\u00e4t der Inhalte k\u00f6nnen wir jedoch keine Gew\u00e4hr \u00fcbernehmen. Als Diensteanbieter sind wir gem\u00e4\u00df \u00a7 7 Abs.1 TMG f\u00fcr eigene Inhalte auf diesen Seiten nach den allgemeinen Gesetzen verantwortlich. Nach \u00a7\u00a7 8 bis 10 TMG sind wir als Diensteanbieter jedoch nicht verpflichtet, \u00fcbermittelte oder gespeicherte fremde Informationen zu \u00fcberwachen oder nach Umst\u00e4nden zu forschen, die auf eine rechtswidrige T\u00e4tigkeit hinweisen. Verpflichtungen zur Entfernung oder Sperrung der Nutzung von Informationen nach den allgemeinen Gesetzen bleiben hiervon unber\u00fchrt. Eine diesbez\u00fcgliche Haftung ist jedoch erst ab dem Zeitpunkt der Kenntnis einer konkreten Rechtsverletzung m\u00f6glich. Bei Bekanntwerden von entsprechenden Rechtsverletzungen werden wir diese Inhalte umgehend entfernen.<strong>Haftung f\u00fcr Links<br \/>\n<\/strong>Unser Angebot enth\u00e4lt Links zu externen Webseiten Dritter, auf deren Inhalte wir keinen Einfluss haben. Deshalb k\u00f6nnen wir f\u00fcr diese fremden Inhalte auch keine Gew\u00e4hr \u00fcbernehmen. F\u00fcr die Inhalte der verlinkten Seiten ist stets der jeweilige Anbieter oder Betreiber der Seiten verantwortlich. Die verlinkten Seiten wurden zum Zeitpunkt der Verlinkung auf m\u00f6gliche Rechtsverst\u00f6\u00dfe \u00fcberpr\u00fcft. Rechtswidrige Inhalte waren zum Zeitpunkt der Verlinkung nicht erkennbar. Eine permanente inhaltliche Kontrolle der verlinkten Seiten ist jedoch ohne konkrete Anhaltspunkte einer Rechtsverletzung nicht zumutbar. Bei Bekanntwerden von Rechtsverletzungen werden wir derartige Links umgehend entfernen.<\/p>\n<p><strong>Urheberrecht<br \/>\n<\/strong>Die durch die Seitenbetreiber erstellten Inhalte und Werke auf diesen Seiten unterliegen dem deutschen Urheberrecht. Die Vervielf\u00e4ltigung, Bearbeitung, Verbreitung und jede Art der Verwertung au\u00dferhalb der Grenzen des Urheberrechtes bed\u00fcrfen der schriftlichen Zustimmung des jeweiligen Autors bzw. Erstellers. Downloads und Kopien dieser Seite sind nur f\u00fcr den privaten, nicht kommerziellen Gebrauch gestattet. Soweit die Inhalte auf dieser Seite nicht vom Betreiber erstellt wurden, werden die Urheberrechte Dritter beachtet. Insbesondere werden Inhalte Dritter als solche gekennzeichnet. Sollten Sie trotzdem auf eine Urheberrechtsverletzung aufmerksam werden, bitten wir um einen entsprechenden Hinweis. Bei Bekanntwerden von Rechtsverletzungen werden wir derartige Inhalte umgehend entfernen.<\/p>\n<p><strong>Datenschutz<br \/>\n<\/strong>Die Nutzung unserer Webseite ist in der Regel ohne Angabe personenbezogener Daten m\u00f6glich. Soweit auf unseren Seiten personenbezogene Daten (beispielsweise Name, Anschrift oder eMail-Adressen) erhoben werden, erfolgt dies, soweit m\u00f6glich, stets auf freiwilliger Basis. Diese Daten werden ohne Ihre ausdr\u00fcckliche Zustimmung nicht an Dritte weitergegeben.<br \/>\nWir weisen darauf hin, dass die Daten\u00fcbertragung im Internet (z.B. bei der Kommunikation per E-Mail) Sicherheitsl\u00fccken aufweisen kann. Ein l\u00fcckenloser Schutz der Daten vor dem Zugriff durch Dritte ist nicht m\u00f6glich.<br \/>\nDer Nutzung von im Rahmen der Impressumspflicht ver\u00f6ffentlichten Kontaktdaten durch Dritte zur \u00dcbersendung von nicht ausdr\u00fccklich angeforderter Werbung und Informationsmaterialien wird hiermit ausdr\u00fccklich widersprochen. Die Betreiber der Seiten behalten sich ausdr\u00fccklich rechtliche Schritte im Falle der unverlangten Zusendung von Werbeinformationen, etwa durch Spam-Mails, vor.<\/p>\n<\/div>\n","protected":false},"excerpt":{"rendered":"<p>Impressum: Angaben gem\u00e4\u00df \u00a7 5 TMG: Alexander Goldszer Augusten Str 81\u00a0 70178 Stuttgart Tel : +49 170 3171331 Berufsaufsichtsbeh\u00f6rde: Gewerbeerlaubnis gem\u00e4\u00df \u00a7 34c GewO erteilt vom Amt f\u00fcr \u00f6ffentliche Ordnung&#8230;<\/p>\n","protected":false},"author":2,"featured_media":0,"parent":0,"menu_order":0,"comment_status":"closed","ping_status":"closed","template":"","meta":{"footnotes":""},"class_list":["post-482","page","type-page","status-publish"],"yoast_head":"<!-- This site is optimized with the Yoast SEO plugin v27.3 - https:\/\/yoast.com\/product\/yoast-seo-wordpress\/ -->\n<title>Impressum - Dein Stuttgartmakler<\/title>\n<meta name=\"robots\" content=\"index, follow, max-snippet:-1, max-image-preview:large, max-video-preview:-1\" \/>\n<link rel=\"canonical\" href=\"https:\/\/deinstuttgartmakler.de\/index.php\/impressum\/\" \/>\n<meta property=\"og:locale\" content=\"de_DE\" \/>\n<meta property=\"og:type\" content=\"article\" \/>\n<meta property=\"og:title\" content=\"Impressum - Dein Stuttgartmakler\" \/>\n<meta property=\"og:description\" content=\"Impressum: Angaben gem\u00e4\u00df \u00a7 5 TMG: Alexander Goldszer Augusten Str 81\u00a0 70178 Stuttgart Tel : +49 170 3171331 Berufsaufsichtsbeh\u00f6rde: Gewerbeerlaubnis gem\u00e4\u00df \u00a7 34c GewO erteilt vom Amt f\u00fcr \u00f6ffentliche Ordnung...\" \/>\n<meta property=\"og:url\" content=\"https:\/\/deinstuttgartmakler.de\/index.php\/impressum\/\" \/>\n<meta property=\"og:site_name\" content=\"Dein Stuttgartmakler\" \/>\n<meta property=\"article:modified_time\" content=\"2025-02-28T13:39:00+00:00\" \/>\n<meta name=\"twitter:card\" content=\"summary_large_image\" \/>\n<meta name=\"twitter:label1\" content=\"Gesch\u00e4tzte Lesezeit\" \/>\n\t<meta name=\"twitter:data1\" content=\"5\u00a0Minuten\" \/>\n<script type=\"application\/ld+json\" class=\"yoast-schema-graph\">{\"@context\":\"https:\\\/\\\/schema.org\",\"@graph\":[{\"@type\":\"WebPage\",\"@id\":\"https:\\\/\\\/deinstuttgartmakler.de\\\/index.php\\\/impressum\\\/\",\"url\":\"https:\\\/\\\/deinstuttgartmakler.de\\\/index.php\\\/impressum\\\/\",\"name\":\"Impressum - Dein Stuttgartmakler\",\"isPartOf\":{\"@id\":\"https:\\\/\\\/deinstuttgartmakler.de\\\/#website\"},\"datePublished\":\"2019-06-13T14:39:07+00:00\",\"dateModified\":\"2025-02-28T13:39:00+00:00\",\"breadcrumb\":{\"@id\":\"https:\\\/\\\/deinstuttgartmakler.de\\\/index.php\\\/impressum\\\/#breadcrumb\"},\"inLanguage\":\"de\",\"potentialAction\":[{\"@type\":\"ReadAction\",\"target\":[\"https:\\\/\\\/deinstuttgartmakler.de\\\/index.php\\\/impressum\\\/\"]}]},{\"@type\":\"BreadcrumbList\",\"@id\":\"https:\\\/\\\/deinstuttgartmakler.de\\\/index.php\\\/impressum\\\/#breadcrumb\",\"itemListElement\":[{\"@type\":\"ListItem\",\"position\":1,\"name\":\"Startseite\",\"item\":\"https:\\\/\\\/deinstuttgartmakler.de\\\/\"},{\"@type\":\"ListItem\",\"position\":2,\"name\":\"Impressum\"}]},{\"@type\":\"WebSite\",\"@id\":\"https:\\\/\\\/deinstuttgartmakler.de\\\/#website\",\"url\":\"https:\\\/\\\/deinstuttgartmakler.de\\\/\",\"name\":\"Dein Stuttgartmakler\",\"description\":\"\",\"potentialAction\":[{\"@type\":\"SearchAction\",\"target\":{\"@type\":\"EntryPoint\",\"urlTemplate\":\"https:\\\/\\\/deinstuttgartmakler.de\\\/?s={search_term_string}\"},\"query-input\":{\"@type\":\"PropertyValueSpecification\",\"valueRequired\":true,\"valueName\":\"search_term_string\"}}],\"inLanguage\":\"de\"}]}<\/script>\n<!-- \/ Yoast SEO plugin. -->","yoast_head_json":{"title":"Impressum - Dein Stuttgartmakler","robots":{"index":"index","follow":"follow","max-snippet":"max-snippet:-1","max-image-preview":"max-image-preview:large","max-video-preview":"max-video-preview:-1"},"canonical":"https:\/\/deinstuttgartmakler.de\/index.php\/impressum\/","og_locale":"de_DE","og_type":"article","og_title":"Impressum - Dein Stuttgartmakler","og_description":"Impressum: Angaben gem\u00e4\u00df \u00a7 5 TMG: Alexander Goldszer Augusten Str 81\u00a0 70178 Stuttgart Tel : +49 170 3171331 Berufsaufsichtsbeh\u00f6rde: Gewerbeerlaubnis gem\u00e4\u00df \u00a7 34c GewO erteilt vom Amt f\u00fcr \u00f6ffentliche Ordnung...","og_url":"https:\/\/deinstuttgartmakler.de\/index.php\/impressum\/","og_site_name":"Dein Stuttgartmakler","article_modified_time":"2025-02-28T13:39:00+00:00","twitter_card":"summary_large_image","twitter_misc":{"Gesch\u00e4tzte Lesezeit":"5\u00a0Minuten"},"schema":{"@context":"https:\/\/schema.org","@graph":[{"@type":"WebPage","@id":"https:\/\/deinstuttgartmakler.de\/index.php\/impressum\/","url":"https:\/\/deinstuttgartmakler.de\/index.php\/impressum\/","name":"Impressum - Dein Stuttgartmakler","isPartOf":{"@id":"https:\/\/deinstuttgartmakler.de\/#website"},"datePublished":"2019-06-13T14:39:07+00:00","dateModified":"2025-02-28T13:39:00+00:00","breadcrumb":{"@id":"https:\/\/deinstuttgartmakler.de\/index.php\/impressum\/#breadcrumb"},"inLanguage":"de","potentialAction":[{"@type":"ReadAction","target":["https:\/\/deinstuttgartmakler.de\/index.php\/impressum\/"]}]},{"@type":"BreadcrumbList","@id":"https:\/\/deinstuttgartmakler.de\/index.php\/impressum\/#breadcrumb","itemListElement":[{"@type":"ListItem","position":1,"name":"Startseite","item":"https:\/\/deinstuttgartmakler.de\/"},{"@type":"ListItem","position":2,"name":"Impressum"}]},{"@type":"WebSite","@id":"https:\/\/deinstuttgartmakler.de\/#website","url":"https:\/\/deinstuttgartmakler.de\/","name":"Dein Stuttgartmakler","description":"","potentialAction":[{"@type":"SearchAction","target":{"@type":"EntryPoint","urlTemplate":"https:\/\/deinstuttgartmakler.de\/?s={search_term_string}"},"query-input":{"@type":"PropertyValueSpecification","valueRequired":true,"valueName":"search_term_string"}}],"inLanguage":"de"}]}},"_links":{"self":[{"href":"https:\/\/deinstuttgartmakler.de\/index.php\/wp-json\/wp\/v2\/pages\/482","targetHints":{"allow":["GET"]}}],"collection":[{"href":"https:\/\/deinstuttgartmakler.de\/index.php\/wp-json\/wp\/v2\/pages"}],"about":[{"href":"https:\/\/deinstuttgartmakler.de\/index.php\/wp-json\/wp\/v2\/types\/page"}],"author":[{"embeddable":true,"href":"https:\/\/deinstuttgartmakler.de\/index.php\/wp-json\/wp\/v2\/users\/2"}],"replies":[{"embeddable":true,"href":"https:\/\/deinstuttgartmakler.de\/index.php\/wp-json\/wp\/v2\/comments?post=482"}],"version-history":[{"count":17,"href":"https:\/\/deinstuttgartmakler.de\/index.php\/wp-json\/wp\/v2\/pages\/482\/revisions"}],"predecessor-version":[{"id":667,"href":"https:\/\/deinstuttgartmakler.de\/index.php\/wp-json\/wp\/v2\/pages\/482\/revisions\/667"}],"wp:attachment":[{"href":"https:\/\/deinstuttgartmakler.de\/index.php\/wp-json\/wp\/v2\/media?parent=482"}],"curies":[{"name":"wp","href":"https:\/\/api.w.org\/{rel}","templated":true}]}}